{"id":17952,"date":"2026-03-20T01:09:07","date_gmt":"2026-03-20T01:09:07","guid":{"rendered":"https:\/\/edimeinter.com\/libreria\/?post_type=product&#038;p=17952"},"modified":"2026-03-30T20:35:25","modified_gmt":"2026-03-30T20:35:25","slug":"cirugia-del-pancreas-enfoque-integral-para-el-cirujano-incluye-ebook","status":"publish","type":"product","link":"https:\/\/edimeinter.com\/libreria\/product\/cirugia-del-pancreas-enfoque-integral-para-el-cirujano-incluye-ebook\/","title":{"rendered":"Cirug\u00eda del p\u00e1ncreas: Enfoque integral para el cirujano. Incluye eBook"},"content":{"rendered":"\t\t<div data-elementor-type=\"wp-post\" data-elementor-id=\"17952\" class=\"elementor elementor-17952\">\n\t\t\t\t<div class=\"elementor-element elementor-element-2612b12 e-flex e-con-boxed e-con e-parent\" data-id=\"2612b12\" data-element_type=\"container\" data-e-type=\"container\">\n\t\t\t\t\t<div class=\"e-con-inner\">\n\t\t\n\t\t<div class=\"elementor-element elementor-element-498707ae elementor-widget elementor-widget-text-editor\" data-id=\"498707ae\" data-element_type=\"widget\" data-e-type=\"widget\" data-widget_type=\"text-editor.default\">\n\t\t\t\t<div class=\"elementor-widget-container\">\n\t\t\t\t\t\t\t\t\t<p>Cirug\u00eda del p\u00e1ncreas: Enfoque integral para el cirujano ofrece una visi\u00f3n completa de la cirug\u00eda pancre\u00e1tica. Abarca desde la anatom\u00eda y fisiolog\u00eda del p\u00e1ncreas hasta las t\u00e9cnicas quir\u00fargicas m\u00e1s avanzadas, lo que lo convierte en una referencia indispensable para cirujanos en formaci\u00f3n y profesionales experimentados. Con un enfoque especial en la cirug\u00eda laparosc\u00f3pica, se detallan las \u00faltimas innovaciones y procedimientos m\u00ednimamente invasivos, destac\u00e1ndose sus beneficios en t\u00e9rminos de recuperaci\u00f3n r\u00e1pida, menor dolor posoperatorio y reducci\u00f3n de complicaciones.<\/p><p>Cirug\u00eda del p\u00e1ncreas: Enfoque integral para el cirujano est\u00e1 destinado a cirujanos generales, especialistas en cirug\u00eda pancre\u00e1tica, especialistas en cirug\u00eda laparosc\u00f3pica avanzada y m\u00e9dicos residentes.<\/p>\t\t\t\t\t\t\t\t<\/div>\n\t\t\t\t<\/div>\n\t\t\t\t\t<\/div>\n\t\t\t\t<\/div>\n\t\t\t\t<\/div>\n\t\t","protected":false},"excerpt":{"rendered":"<p><strong>Autores:<\/strong> Gustavo Kohan, Oscar Mazza<br \/>\n<strong>ISBN: <\/strong>9789878452913<br \/>\n<strong>Editorial:<\/strong> Ediciones Journal<br \/>\n<strong>Edici\u00f3n:<\/strong> 1\u00aa<br \/>\n<strong>Especialidad<\/strong>: Cirug\u00eda<br \/>\n<strong>P\u00e1ginas<\/strong>: 173<\/p>\n<p>\u00a9 2025<\/p>\n","protected":false},"featured_media":17950,"comment_status":"open","ping_status":"closed","template":"","meta":{"_joinchat":[]},"product_cat":[175],"product_tag":[239,176,110],"class_list":{"0":"post-17952","1":"product","2":"type-product","3":"status-publish","4":"has-post-thumbnail","6":"product_cat-cirugia","7":"product_tag-239","8":"product_tag-cirugia","9":"product_tag-ediciones-journal","11":"first","12":"instock","13":"featured","14":"taxable","15":"shipping-taxable","16":"purchasable","17":"product-type-simple"},"_links":{"self":[{"href":"https:\/\/edimeinter.com\/libreria\/wp-json\/wp\/v2\/product\/17952","targetHints":{"allow":["GET"]}}],"collection":[{"href":"https:\/\/edimeinter.com\/libreria\/wp-json\/wp\/v2\/product"}],"about":[{"href":"https:\/\/edimeinter.com\/libreria\/wp-json\/wp\/v2\/types\/product"}],"replies":[{"embeddable":true,"href":"https:\/\/edimeinter.com\/libreria\/wp-json\/wp\/v2\/comments?post=17952"}],"version-history":[{"count":4,"href":"https:\/\/edimeinter.com\/libreria\/wp-json\/wp\/v2\/product\/17952\/revisions"}],"predecessor-version":[{"id":17956,"href":"https:\/\/edimeinter.com\/libreria\/wp-json\/wp\/v2\/product\/17952\/revisions\/17956"}],"wp:featuredmedia":[{"embeddable":true,"href":"https:\/\/edimeinter.com\/libreria\/wp-json\/wp\/v2\/media\/17950"}],"wp:attachment":[{"href":"https:\/\/edimeinter.com\/libreria\/wp-json\/wp\/v2\/media?parent=17952"}],"wp:term":[{"taxonomy":"product_cat","embeddable":true,"href":"https:\/\/edimeinter.com\/libreria\/wp-json\/wp\/v2\/product_cat?post=17952"},{"taxonomy":"product_tag","embeddable":true,"href":"https:\/\/edimeinter.com\/libreria\/wp-json\/wp\/v2\/product_tag?post=17952"}],"curies":[{"name":"wp","href":"https:\/\/api.w.org\/{rel}","templated":true}]}}