{"id":17969,"date":"2026-03-20T18:48:55","date_gmt":"2026-03-20T18:48:55","guid":{"rendered":"https:\/\/edimeinter.com\/libreria\/?post_type=product&#038;p=17969"},"modified":"2026-03-30T20:34:10","modified_gmt":"2026-03-30T20:34:10","slug":"induccion-miofascial-vol-1-2-obra-completa-incluye-ebook","status":"publish","type":"product","link":"https:\/\/edimeinter.com\/libreria\/product\/induccion-miofascial-vol-1-2-obra-completa-incluye-ebook\/","title":{"rendered":"Inducci\u00f3n Miofascial &#8211; Vol. 1 + 2: Obra completa. Incluye eBook"},"content":{"rendered":"\t\t<div data-elementor-type=\"wp-post\" data-elementor-id=\"17969\" class=\"elementor elementor-17969\">\n\t\t\t\t<div class=\"elementor-element elementor-element-2612b12 e-flex e-con-boxed e-con e-parent\" data-id=\"2612b12\" data-element_type=\"container\" data-e-type=\"container\">\n\t\t\t\t\t<div class=\"e-con-inner\">\n\t\t\n\t\t<div class=\"elementor-element elementor-element-498707ae elementor-widget elementor-widget-text-editor\" data-id=\"498707ae\" data-element_type=\"widget\" data-e-type=\"widget\" data-widget_type=\"text-editor.default\">\n\t\t\t\t<div class=\"elementor-widget-container\">\n\t\t\t\t\t\t\t\t\t<p>Inducci\u00f3n Miofascial | Un abordaje anat\u00f3mico al tratamiento de la disfunci\u00f3n fascial es el resultado de muchos a\u00f1os de investigaci\u00f3n y del aporte de una gran cantidad de evidencia cient\u00edfica sobre la importancia de la fascia para la salud y las enfermedades de las personas. Los procedimientos est\u00e1n ilustrados a todo color, con diagramas, fotograf\u00edas y videos en l\u00ednea que muestran su aplicaci\u00f3n pr\u00e1ctica en el cuerpo y en tejidos disecados. El libro se presenta en dos vol\u00famenes en los que el lector podr\u00e1 realizar un fascinante viaje a trav\u00e9s del enigma de la fascia desde una perspectiva microbiol<span class=\"shorten-detail\">\u00f3gica, anat\u00f3mica, biomec\u00e1nica, neurocient\u00edfica e, incluso, psicol\u00f3gica y filos\u00f3fica.<\/span><\/p>\t\t\t\t\t\t\t\t<\/div>\n\t\t\t\t<\/div>\n\t\t\t\t\t<\/div>\n\t\t\t\t<\/div>\n\t\t\t\t<\/div>\n\t\t","protected":false},"excerpt":{"rendered":"<p><strong>Autores:<\/strong> Andrzej Pilat<br \/>\n<strong>ISBN: <\/strong>9789878452123<br \/>\n<strong>Editorial:<\/strong> Ediciones Journal<br \/>\n<strong>Edici\u00f3n:<\/strong> 1\u00aa<br \/>\n<strong>Especialidad<\/strong>: Fisioterapia<br \/>\n<strong>P\u00e1ginas<\/strong>: 815<\/p>\n<p>\u00a9 2024<\/p>\n","protected":false},"featured_media":17970,"comment_status":"open","ping_status":"closed","template":"","meta":{"_joinchat":[]},"product_cat":[111],"product_tag":[239,110,112],"class_list":{"0":"post-17969","1":"product","2":"type-product","3":"status-publish","4":"has-post-thumbnail","6":"product_cat-fisioterapia","7":"product_tag-239","8":"product_tag-ediciones-journal","9":"product_tag-fisioterapia","11":"first","12":"instock","13":"featured","14":"taxable","15":"shipping-taxable","16":"purchasable","17":"product-type-simple"},"_links":{"self":[{"href":"https:\/\/edimeinter.com\/libreria\/wp-json\/wp\/v2\/product\/17969","targetHints":{"allow":["GET"]}}],"collection":[{"href":"https:\/\/edimeinter.com\/libreria\/wp-json\/wp\/v2\/product"}],"about":[{"href":"https:\/\/edimeinter.com\/libreria\/wp-json\/wp\/v2\/types\/product"}],"replies":[{"embeddable":true,"href":"https:\/\/edimeinter.com\/libreria\/wp-json\/wp\/v2\/comments?post=17969"}],"version-history":[{"count":5,"href":"https:\/\/edimeinter.com\/libreria\/wp-json\/wp\/v2\/product\/17969\/revisions"}],"predecessor-version":[{"id":17993,"href":"https:\/\/edimeinter.com\/libreria\/wp-json\/wp\/v2\/product\/17969\/revisions\/17993"}],"wp:featuredmedia":[{"embeddable":true,"href":"https:\/\/edimeinter.com\/libreria\/wp-json\/wp\/v2\/media\/17970"}],"wp:attachment":[{"href":"https:\/\/edimeinter.com\/libreria\/wp-json\/wp\/v2\/media?parent=17969"}],"wp:term":[{"taxonomy":"product_cat","embeddable":true,"href":"https:\/\/edimeinter.com\/libreria\/wp-json\/wp\/v2\/product_cat?post=17969"},{"taxonomy":"product_tag","embeddable":true,"href":"https:\/\/edimeinter.com\/libreria\/wp-json\/wp\/v2\/product_tag?post=17969"}],"curies":[{"name":"wp","href":"https:\/\/api.w.org\/{rel}","templated":true}]}}