{"id":17981,"date":"2026-03-20T19:35:41","date_gmt":"2026-03-20T19:35:41","guid":{"rendered":"https:\/\/edimeinter.com\/libreria\/?post_type=product&#038;p=17981"},"modified":"2026-03-30T20:31:00","modified_gmt":"2026-03-30T20:31:00","slug":"dolor-manual-para-profesionales-de-la-salud-incluye-ebook","status":"publish","type":"product","link":"https:\/\/edimeinter.com\/libreria\/product\/dolor-manual-para-profesionales-de-la-salud-incluye-ebook\/","title":{"rendered":"Dolor. Manual para profesionales de la salud. Incluye eBook"},"content":{"rendered":"\t\t<div data-elementor-type=\"wp-post\" data-elementor-id=\"17981\" class=\"elementor elementor-17981\">\n\t\t\t\t<div class=\"elementor-element elementor-element-2612b12 e-flex e-con-boxed e-con e-parent\" data-id=\"2612b12\" data-element_type=\"container\" data-e-type=\"container\">\n\t\t\t\t\t<div class=\"e-con-inner\">\n\t\t\n\t\t<div class=\"elementor-element elementor-element-498707ae elementor-widget elementor-widget-text-editor\" data-id=\"498707ae\" data-element_type=\"widget\" data-e-type=\"widget\" data-widget_type=\"text-editor.default\">\n\t\t\t\t<div class=\"elementor-widget-container\">\n\t\t\t\t\t\t\t\t\t<p>Dolor | Manual para profesionales de la salud (tercera edici\u00f3n) proporciona una gu\u00eda completa acerca del dolor y su manejo. Escrito por autores de reconocimiento internacional, ofrece conocimientos actualizados que intentan cerrar la brecha entre los fundamentos te\u00f3ricos y la pr\u00e1ctica en la evaluaci\u00f3n y el tratamiento de pacientes con dolor. Aporta, tanto a estudiantes como a m\u00e9dicos, una nueva lente a trav\u00e9s de la cual entender la experiencia de dolor de una persona, como tambi\u00e9n herramientas para su tratamiento efectivo.<\/p><p>Dolor | Manual para profesionales de la salud (tercera edici\u00f3n) est\u00e1 dirigido a m\u00e9dicos generales, fisioterapeutas, terapistas ocupacionales, trabajadores sociales, enfermeros y estudiantes de pregrado.<\/p>\t\t\t\t\t\t\t\t<\/div>\n\t\t\t\t<\/div>\n\t\t\t\t\t<\/div>\n\t\t\t\t<\/div>\n\t\t\t\t<\/div>\n\t\t","protected":false},"excerpt":{"rendered":"<p><strong>Autores:<\/strong> Hubert van Griensven, Jenny Strong<br \/>\n<strong>ISBN: <\/strong>9786319116809<br \/>\n<strong>Editorial:<\/strong> Ediciones Journal<br \/>\n<strong>Edici\u00f3n:<\/strong> 1\u00aa<br \/>\n<strong>Especialidad<\/strong>: Anestesiolog\u00eda y reanimaci\u00f3n<br \/>\n<strong>P\u00e1ginas<\/strong>: 440<\/p>\n<p>\u00a9 2026<\/p>\n","protected":false},"featured_media":17982,"comment_status":"open","ping_status":"closed","template":"","meta":{"_joinchat":[]},"product_cat":[86],"product_tag":[254,87,110],"class_list":{"0":"post-17981","1":"product","2":"type-product","3":"status-publish","4":"has-post-thumbnail","6":"product_cat-anestesiologia-y-reanimacion","7":"product_tag-254","8":"product_tag-anestesiologia-y-reanimacion","9":"product_tag-ediciones-journal","11":"first","12":"instock","13":"featured","14":"taxable","15":"shipping-taxable","16":"purchasable","17":"product-type-simple"},"_links":{"self":[{"href":"https:\/\/edimeinter.com\/libreria\/wp-json\/wp\/v2\/product\/17981","targetHints":{"allow":["GET"]}}],"collection":[{"href":"https:\/\/edimeinter.com\/libreria\/wp-json\/wp\/v2\/product"}],"about":[{"href":"https:\/\/edimeinter.com\/libreria\/wp-json\/wp\/v2\/types\/product"}],"replies":[{"embeddable":true,"href":"https:\/\/edimeinter.com\/libreria\/wp-json\/wp\/v2\/comments?post=17981"}],"version-history":[{"count":4,"href":"https:\/\/edimeinter.com\/libreria\/wp-json\/wp\/v2\/product\/17981\/revisions"}],"predecessor-version":[{"id":17986,"href":"https:\/\/edimeinter.com\/libreria\/wp-json\/wp\/v2\/product\/17981\/revisions\/17986"}],"wp:featuredmedia":[{"embeddable":true,"href":"https:\/\/edimeinter.com\/libreria\/wp-json\/wp\/v2\/media\/17982"}],"wp:attachment":[{"href":"https:\/\/edimeinter.com\/libreria\/wp-json\/wp\/v2\/media?parent=17981"}],"wp:term":[{"taxonomy":"product_cat","embeddable":true,"href":"https:\/\/edimeinter.com\/libreria\/wp-json\/wp\/v2\/product_cat?post=17981"},{"taxonomy":"product_tag","embeddable":true,"href":"https:\/\/edimeinter.com\/libreria\/wp-json\/wp\/v2\/product_tag?post=17981"}],"curies":[{"name":"wp","href":"https:\/\/api.w.org\/{rel}","templated":true}]}}