{"id":9625,"date":"2025-02-01T16:54:11","date_gmt":"2025-02-01T16:54:11","guid":{"rendered":"https:\/\/edimeinter.com\/libreria\/?post_type=product&#038;p=9625"},"modified":"2025-12-30T15:59:53","modified_gmt":"2025-12-30T15:59:53","slug":"abc-de-la-ecografia-abdominal-teoria-y-practica-incluye-ebook-3a-edicion-copia","status":"publish","type":"product","link":"https:\/\/edimeinter.com\/libreria\/product\/abc-de-la-ecografia-abdominal-teoria-y-practica-incluye-ebook-3a-edicion-copia\/","title":{"rendered":"Enfermer\u00eda de Urgencias y Emergencias. Incluye eBook. 1\u00aa Edici\u00f3n"},"content":{"rendered":"\t\t<div data-elementor-type=\"wp-post\" data-elementor-id=\"9625\" class=\"elementor elementor-9625\">\n\t\t\t\t<div class=\"elementor-element elementor-element-2612b12 e-flex e-con-boxed e-con e-parent\" data-id=\"2612b12\" data-element_type=\"container\" data-e-type=\"container\">\n\t\t\t\t\t<div class=\"e-con-inner\">\n\t\t\n\t\t<div class=\"elementor-element elementor-element-498707ae elementor-widget elementor-widget-text-editor\" data-id=\"498707ae\" data-element_type=\"widget\" data-e-type=\"widget\" data-widget_type=\"text-editor.default\">\n\t\t\t\t<div class=\"elementor-widget-container\">\n\t\t\t\t\t\t\t\t\t<p>La gesti\u00f3n efectiva de los servicios de urgencias es esencial para proporcionar una atenci\u00f3n r\u00e1pida y precisa en situaciones cr\u00edticas, ya que esta puede marcar la diferencia en la supervivencia y recuperaci\u00f3n de los pacientes. Este libro ha sido realizado por enfermeros especializados en el campo de las urgencias y emergencias de la SEMES, conforme a los c\u00f3digos de actuaci\u00f3n en enfermedades tiempo-dependientes y a las recomendaciones en reanimaci\u00f3n cardiopulmonar.<\/p>\t\t\t\t\t\t\t\t<\/div>\n\t\t\t\t<\/div>\n\t\t\t\t\t<\/div>\n\t\t\t\t<\/div>\n\t\t\t\t<\/div>\n\t\t","protected":false},"excerpt":{"rendered":"<p><strong>Autores:\u00a0<\/strong>SEMES \u2013 Sociedad Espa\u00f1ola de Medicina de Urgencias y Emergencias<br \/>\n<strong>ISBN:<\/strong>\u00a09788411061520<br \/>\n<strong>Editorial:<\/strong>\u00a0Panamericana<br \/>\n<strong>Edici\u00f3n:<\/strong>\u00a01\u00aa<br \/>\n<strong>Especialidad<\/strong>: Enfermer\u00eda<br \/>\n<strong>P\u00e1ginas<\/strong>: 952<br \/>\n\u00a9 2025<\/p>\n","protected":false},"featured_media":9626,"comment_status":"open","ping_status":"closed","template":"","meta":{"_joinchat":[]},"product_cat":[115],"product_tag":[239,82,70],"class_list":{"0":"post-9625","1":"product","2":"type-product","3":"status-publish","4":"has-post-thumbnail","6":"product_cat-enfermeria","7":"product_tag-239","8":"product_tag-enfermeria","9":"product_tag-panamericana","11":"first","12":"outofstock","13":"featured","14":"taxable","15":"shipping-taxable","16":"purchasable","17":"product-type-simple"},"_links":{"self":[{"href":"https:\/\/edimeinter.com\/libreria\/wp-json\/wp\/v2\/product\/9625","targetHints":{"allow":["GET"]}}],"collection":[{"href":"https:\/\/edimeinter.com\/libreria\/wp-json\/wp\/v2\/product"}],"about":[{"href":"https:\/\/edimeinter.com\/libreria\/wp-json\/wp\/v2\/types\/product"}],"replies":[{"embeddable":true,"href":"https:\/\/edimeinter.com\/libreria\/wp-json\/wp\/v2\/comments?post=9625"}],"version-history":[{"count":1,"href":"https:\/\/edimeinter.com\/libreria\/wp-json\/wp\/v2\/product\/9625\/revisions"}],"predecessor-version":[{"id":14877,"href":"https:\/\/edimeinter.com\/libreria\/wp-json\/wp\/v2\/product\/9625\/revisions\/14877"}],"wp:featuredmedia":[{"embeddable":true,"href":"https:\/\/edimeinter.com\/libreria\/wp-json\/wp\/v2\/media\/9626"}],"wp:attachment":[{"href":"https:\/\/edimeinter.com\/libreria\/wp-json\/wp\/v2\/media?parent=9625"}],"wp:term":[{"taxonomy":"product_cat","embeddable":true,"href":"https:\/\/edimeinter.com\/libreria\/wp-json\/wp\/v2\/product_cat?post=9625"},{"taxonomy":"product_tag","embeddable":true,"href":"https:\/\/edimeinter.com\/libreria\/wp-json\/wp\/v2\/product_tag?post=9625"}],"curies":[{"name":"wp","href":"https:\/\/api.w.org\/{rel}","templated":true}]}}

Enfermería de Urgencias y Emergencias. Incluye eBook. 1ª Edición

<div data-elementor-type="wp-post" data-elementor-id="9625" class="elementor elementor-9625">
				<div class="elementor-element elementor-element-2612b12 e-flex e-con-boxed e-con e-parent" data-id="2612b12" data-element_type="container" data-e-type="container">
					<div class="e-con-inner">
		
		<div class="elementor-element elementor-element-498707ae elementor-widget elementor-widget-text-editor" data-id="498707ae" data-element_type="widget" data-e-type="widget" data-widget_type="text-editor.default">
				<div class="elementor-widget-container">
									<p>La gestión efectiva de los servicios de urgencias es esencial para proporcionar una atención rápida y precisa en situaciones críticas, ya que esta puede marcar la diferencia en la supervivencia y recuperación de los pacientes. Este libro ha sido realizado por enfermeros especializados en el campo de las urgencias y emergencias de la SEMES, conforme a los códigos de actuación en enfermedades tiempo-dependientes y a las recomendaciones en reanimación cardiopulmonar.</p>								</div>
				</div>
					</div>
				</div>
				</div>

<p><strong>Autores: </strong>SEMES – Sociedad Española de Medicina de Urgencias y Emergencias<br />
<strong>ISBN:</strong> 9788411061520<br />
<strong>Editorial:</strong> Panamericana<br />
<strong>Edición:</strong> 1ª<br />
<strong>Especialidad</strong>: Enfermería<br />
<strong>Páginas</strong>: 952<br />
© 2025</p>
