{"id":9652,"date":"2025-02-01T17:16:04","date_gmt":"2025-02-01T17:16:04","guid":{"rendered":"https:\/\/edimeinter.com\/libreria\/?post_type=product&#038;p=9652"},"modified":"2025-03-09T20:50:14","modified_gmt":"2025-03-09T20:50:14","slug":"miller-anestesia-basica-8a-edicion","status":"publish","type":"product","link":"https:\/\/edimeinter.com\/libreria\/product\/miller-anestesia-basica-8a-edicion\/","title":{"rendered":"Miller. Anestesia b\u00e1sica. 8\u00aa Edici\u00f3n"},"content":{"rendered":"\t\t<div data-elementor-type=\"wp-post\" data-elementor-id=\"9652\" class=\"elementor elementor-9652\">\n\t\t\t\t<div class=\"elementor-element elementor-element-2612b12 e-flex e-con-boxed e-con e-parent\" data-id=\"2612b12\" data-element_type=\"container\" data-e-type=\"container\">\n\t\t\t\t\t<div class=\"e-con-inner\">\n\t\t\n\t\t<div class=\"elementor-element elementor-element-498707ae elementor-widget elementor-widget-text-editor\" data-id=\"498707ae\" data-element_type=\"widget\" data-e-type=\"widget\" data-widget_type=\"text-editor.default\">\n\t\t\t\t<div class=\"elementor-widget-container\">\n\t\t\t\t\t\t\t\t\t<p>Nuevo t\u00edtulo en nuestro cat\u00e1logo que proviene del gran tratado de referencia en la especialidad, Miller Anestesia y que brinda una cobertura integral pero concisa de la ciencia b\u00e1sica y los temas cl\u00ednicos en anestesiolog\u00eda con el fin de posicionarse como el texto de primera elecci\u00f3n para los estudiantes de Medicina, residentes, enfermeras especializadas en este campo, as\u00ed como una valiosa herramienta de revisi\u00f3n para los profesionales en ejercicio.<\/p><p>En esta edici\u00f3n, la obra se encuentra ya liderada por el renombrado experto en anestesia Dr. Manuel C. Pardo, Jr. y un equipo de m\u00e1s de 80 autores colaboradores que han actualizado meticulosamente los contenidos para reflejar los \u00faltimos avances en la pr\u00e1ctica y los aspectos importantes de la atenci\u00f3n anest\u00e9sica contempor\u00e1nea, que incluyen fisiopatolog\u00eda, farmacolog\u00eda, anestesia regional, manejo anest\u00e9sico y problemas especiales y grupos de pacientes.<\/p><p>Con un estilo asequible y f\u00e1cil de leer cubre los temas m\u00e1s novedosos de la disciplina dedicando cap\u00edtulos al bienestar del profesional, la ecograf\u00eda en el punto de atenci\u00f3n, la medicina perioperatoria y el impacto medioambiental de los anest\u00e9sicos. Incluye im\u00e1genes de alta calidad que ofrecen una comprensi\u00f3n visual detallada de temas complejos, mientras que numerosas figuras y tablas condensan el material para facilitar su retenci\u00f3n y revisi\u00f3n.<\/p><p>El texto ofrece acceso a contenido adicional online en ingl\u00e9s a trav\u00e9s de la plataforma e-book+ (acceso al e-book, figuras y referencias bibliogr\u00e1ficas).<\/p>\t\t\t\t\t\t\t\t<\/div>\n\t\t\t\t<\/div>\n\t\t\t\t\t<\/div>\n\t\t\t\t<\/div>\n\t\t\t\t<\/div>\n\t\t","protected":false},"excerpt":{"rendered":"<p><strong>Autores:<\/strong>\u00a0Manuel Pardo<br \/>\n<strong>ISBN:<\/strong>\u00a09788413826967<br \/>\n<strong>Editorial:<\/strong>\u00a0Elsevier<br \/>\n<strong>Edici\u00f3n:<\/strong>\u00a08\u00aa<br \/>\n<strong>Especialidad<\/strong>: Anestesiolog\u00eda y Reanimaci\u00f3n<br \/>\n<strong>P\u00e1ginas<\/strong>:\u00a0922<br \/>\n\u00a9 2024<\/p>\n","protected":false},"featured_media":9653,"comment_status":"open","ping_status":"open","template":"","meta":{"_joinchat":[]},"product_cat":[86],"product_tag":[240,87,85],"class_list":{"0":"post-9652","1":"product","2":"type-product","3":"status-publish","4":"has-post-thumbnail","6":"product_cat-anestesiologia-y-reanimacion","7":"product_tag-240","8":"product_tag-anestesiologia-y-reanimacion","9":"product_tag-elsevier","11":"first","12":"instock","13":"featured","14":"taxable","15":"shipping-taxable","16":"purchasable","17":"product-type-simple"},"_links":{"self":[{"href":"https:\/\/edimeinter.com\/libreria\/wp-json\/wp\/v2\/product\/9652","targetHints":{"allow":["GET"]}}],"collection":[{"href":"https:\/\/edimeinter.com\/libreria\/wp-json\/wp\/v2\/product"}],"about":[{"href":"https:\/\/edimeinter.com\/libreria\/wp-json\/wp\/v2\/types\/product"}],"replies":[{"embeddable":true,"href":"https:\/\/edimeinter.com\/libreria\/wp-json\/wp\/v2\/comments?post=9652"}],"version-history":[{"count":2,"href":"https:\/\/edimeinter.com\/libreria\/wp-json\/wp\/v2\/product\/9652\/revisions"}],"predecessor-version":[{"id":15881,"href":"https:\/\/edimeinter.com\/libreria\/wp-json\/wp\/v2\/product\/9652\/revisions\/15881"}],"wp:featuredmedia":[{"embeddable":true,"href":"https:\/\/edimeinter.com\/libreria\/wp-json\/wp\/v2\/media\/9653"}],"wp:attachment":[{"href":"https:\/\/edimeinter.com\/libreria\/wp-json\/wp\/v2\/media?parent=9652"}],"wp:term":[{"taxonomy":"product_cat","embeddable":true,"href":"https:\/\/edimeinter.com\/libreria\/wp-json\/wp\/v2\/product_cat?post=9652"},{"taxonomy":"product_tag","embeddable":true,"href":"https:\/\/edimeinter.com\/libreria\/wp-json\/wp\/v2\/product_tag?post=9652"}],"curies":[{"name":"wp","href":"https:\/\/api.w.org\/{rel}","templated":true}]}}