{"id":9693,"date":"2025-02-01T17:36:46","date_gmt":"2025-02-01T17:36:46","guid":{"rendered":"https:\/\/edimeinter.com\/libreria\/?post_type=product&#038;p=9693"},"modified":"2025-03-09T20:41:21","modified_gmt":"2025-03-09T20:41:21","slug":"manual-de-retina-medica-y-quirurgica-2a-edicion","status":"publish","type":"product","link":"https:\/\/edimeinter.com\/libreria\/product\/manual-de-retina-medica-y-quirurgica-2a-edicion\/","title":{"rendered":"Manual de retina m\u00e9dica y quir\u00fargica. 2\u00aa Edici\u00f3n"},"content":{"rendered":"\t\t<div data-elementor-type=\"wp-post\" data-elementor-id=\"9693\" class=\"elementor elementor-9693\">\n\t\t\t\t<div class=\"elementor-element elementor-element-5908ecf6 e-flex e-con-boxed e-con e-parent\" data-id=\"5908ecf6\" data-element_type=\"container\" data-e-type=\"container\">\n\t\t\t\t\t<div class=\"e-con-inner\">\n\t\t\n\t\t<div class=\"elementor-element elementor-element-40cd427e elementor-widget elementor-widget-text-editor\" data-id=\"40cd427e\" data-element_type=\"widget\" data-e-type=\"widget\" data-widget_type=\"text-editor.default\">\n\t\t\t\t<div class=\"elementor-widget-container\">\n\t\t\t\t\t\t\t\t\t<p>Manteniendo el estilo \u00e1gil y de lectura r\u00e1pida que caracteriz\u00f3 a la 1.\u00aa edici\u00f3n,\u00a0<b>Manual de retina m\u00e9dica y quir\u00fargica<\/b>, 2.\u00aa edici\u00f3n invita a los lectores a sumergirse en el exhaustivo conocimiento de alrededor de 130 colaboradores de Estados Unidos, Am\u00e9rica Latina y Europa, liderados por los doctores Sergio Rojas y Jorge A. S\u00e1nchez. Este pr\u00e1ctico manual proporciona los datos m\u00e1s objetivos y actualizados sobre las patolog\u00edas del v\u00edtreo y la retina, lo que lo hace ideal tanto para estudiantes de oftalmolog\u00eda y especialistas de retina en formaci\u00f3n, como para oftalm\u00f3logos y retin\u00f3logos.<\/p><p>El contenido se divide en tres secciones principales:\u00a0<i>Fundamentos, Retina m\u00e9dica y Retina quir\u00fargica<\/i>. Los fundamentos incluyen la anatom\u00eda y fisiolog\u00eda de la retina y coroides, y las t\u00e9cnicas diagn\u00f3sticas importantes como el examen de retina con oftalmoscopia, fluorangiograf\u00eda, tomograf\u00eda de coherencia \u00f3ptica (OCT), ecograf\u00eda, autofluorescencia, electrorretinograf\u00eda y t\u00e9cnicas de actualidad como angiograf\u00eda con tomograf\u00eda de coherencia \u00f3ptica (OCTA). La parte de retina m\u00e9dica incluye distrofias y degeneraciones retinianas y terapia g\u00e9nica, las patolog\u00edas paquicoroideas, enfermedades inflamatorias e infecciosas y m\u00e9todos nuevos de examen incluyendo hallazgos en OCTA, y trastornos retinocoroideos de Covid-19. En la secci\u00f3n de retina quir\u00fargica se abordan los nuevos sistemas de visualizaci\u00f3n 3D, sus ventajas y equipos de vitrectom\u00eda, as\u00ed como el papel de la rob\u00f3tica y visi\u00f3n artificial.<\/p>\t\t\t\t\t\t\t\t<\/div>\n\t\t\t\t<\/div>\n\t\t\t\t\t<\/div>\n\t\t\t\t<\/div>\n\t\t\t\t<\/div>\n\t\t","protected":false},"excerpt":{"rendered":"<p><strong>Autores:<\/strong>\u00a0Sergio Rojas Ju\u00e1rez , Jorge A. S\u00e1nchez Ramos<br \/>\n<strong>ISBN:<\/strong>\u00a09788419284327<br \/>\n<strong>Editorial:<\/strong>\u00a0WOLTERS KLUWER<br \/>\n<strong>Edici\u00f3n:<\/strong>\u00a02\u00aa<br \/>\n<strong>Especialidad<\/strong>: Oftalmolog\u00eda y Optometr\u00eda<br \/>\n<strong>P\u00e1ginas<\/strong>: 512<br \/>\n\u00a9 2024<\/p>\n","protected":false},"featured_media":9694,"comment_status":"open","ping_status":"open","template":"","meta":{"_joinchat":[]},"product_cat":[95],"product_tag":[240,96,92],"class_list":{"0":"post-9693","1":"product","2":"type-product","3":"status-publish","4":"has-post-thumbnail","6":"product_cat-oftalmologia-y-optometria","7":"product_tag-240","8":"product_tag-oftalmologia-y-optometria","9":"product_tag-wolters-kluwer","11":"first","12":"instock","13":"featured","14":"taxable","15":"shipping-taxable","16":"purchasable","17":"product-type-simple"},"_links":{"self":[{"href":"https:\/\/edimeinter.com\/libreria\/wp-json\/wp\/v2\/product\/9693","targetHints":{"allow":["GET"]}}],"collection":[{"href":"https:\/\/edimeinter.com\/libreria\/wp-json\/wp\/v2\/product"}],"about":[{"href":"https:\/\/edimeinter.com\/libreria\/wp-json\/wp\/v2\/types\/product"}],"replies":[{"embeddable":true,"href":"https:\/\/edimeinter.com\/libreria\/wp-json\/wp\/v2\/comments?post=9693"}],"version-history":[{"count":1,"href":"https:\/\/edimeinter.com\/libreria\/wp-json\/wp\/v2\/product\/9693\/revisions"}],"predecessor-version":[{"id":14887,"href":"https:\/\/edimeinter.com\/libreria\/wp-json\/wp\/v2\/product\/9693\/revisions\/14887"}],"wp:featuredmedia":[{"embeddable":true,"href":"https:\/\/edimeinter.com\/libreria\/wp-json\/wp\/v2\/media\/9694"}],"wp:attachment":[{"href":"https:\/\/edimeinter.com\/libreria\/wp-json\/wp\/v2\/media?parent=9693"}],"wp:term":[{"taxonomy":"product_cat","embeddable":true,"href":"https:\/\/edimeinter.com\/libreria\/wp-json\/wp\/v2\/product_cat?post=9693"},{"taxonomy":"product_tag","embeddable":true,"href":"https:\/\/edimeinter.com\/libreria\/wp-json\/wp\/v2\/product_tag?post=9693"}],"curies":[{"name":"wp","href":"https:\/\/api.w.org\/{rel}","templated":true}]}}