{"id":9730,"date":"2025-02-01T18:08:16","date_gmt":"2025-02-01T18:08:16","guid":{"rendered":"https:\/\/edimeinter.com\/libreria\/?post_type=product&#038;p=9730"},"modified":"2026-02-07T17:25:24","modified_gmt":"2026-02-07T17:25:24","slug":"dermatologia-atlas-diagnostico-y-tratamiento-8a-edicion","status":"publish","type":"product","link":"https:\/\/edimeinter.com\/libreria\/product\/dermatologia-atlas-diagnostico-y-tratamiento-8a-edicion\/","title":{"rendered":"Dermatolog\u00eda. Atlas, Diagn\u00f3stico y Tratamiento. 8\u00aa Edici\u00f3n"},"content":{"rendered":"\t\t<div data-elementor-type=\"wp-post\" data-elementor-id=\"9730\" class=\"elementor elementor-9730\">\n\t\t\t\t<div class=\"elementor-element elementor-element-5908ecf6 e-flex e-con-boxed e-con e-parent\" data-id=\"5908ecf6\" data-element_type=\"container\" data-e-type=\"container\">\n\t\t\t\t\t<div class=\"e-con-inner\">\n\t\t\n\t\t<div class=\"elementor-element elementor-element-40cd427e elementor-widget elementor-widget-text-editor\" data-id=\"40cd427e\" data-element_type=\"widget\" data-e-type=\"widget\" data-widget_type=\"text-editor.default\">\n\t\t\t\t<div class=\"elementor-widget-container\">\n\t\t\t\t\t\t\t\t\t<p>Al igual que sus antecesores, la octava edici\u00f3n de este t\u00edtulo conserva los aspectos de la especialidad fundamentales para el estudiante de medicina y el m\u00e9dico general; pero ha sido actualizada para facilitar la consulta diaria del dermat\u00f3logo y del m\u00e9dico internista. El texto ilustra las dermatosis m\u00e1s frecuentes e importantes en M\u00e9xico y otros pa\u00edses tropicales de la regi\u00f3n, donde los padecimientos de la piel son uno de los principales motivos de atenci\u00f3n primaria. Asi mismo, aborda temas de medicina interna, tumores malignos y benignos, enfermedades sist\u00e9micas, dermatosis tropicales y pedi\u00e1tricas. \u00c7<\/p><p>De igual manera se han incluido secciones especiales dedicadas a las onicopat\u00edas, genotricosis y enfermedades de la mucosa bucal, entre otras; tambi\u00e9n se han integrado datos relevantes sobre las dermatosis relacionadas con COVID-19 y la viruela s\u00edmica.<\/p>\t\t\t\t\t\t\t\t<\/div>\n\t\t\t\t<\/div>\n\t\t\t\t\t<\/div>\n\t\t\t\t<\/div>\n\t\t\t\t<\/div>\n\t\t","protected":false},"excerpt":{"rendered":"<p><strong>Autores:<\/strong>\u00a0Arenas Guzm\u00e1n. Roberto<br \/>\n<strong>ISBN:<\/strong>\u00a09786071519214<br \/>\n<strong>Editorial:<\/strong>\u00a0McGraw-Hill<br \/>\n<strong>Edici\u00f3n:<\/strong>\u00a08\u00aa<br \/>\n<strong>Especialidad<\/strong>: Dermatolog\u00eda<br \/>\n<strong>P\u00e1ginas<\/strong>: 982<br \/>\n\u00a9 2023<\/p>\n","protected":false},"featured_media":9731,"comment_status":"open","ping_status":"closed","template":"","meta":{"_joinchat":[]},"product_cat":[108,102],"product_tag":[109,99],"class_list":{"0":"post-9730","1":"product","2":"type-product","3":"status-publish","4":"has-post-thumbnail","6":"product_cat-dermatologia","7":"product_cat-toxicologia","8":"product_tag-dermatologia","9":"product_tag-mcgraw-hill","11":"first","12":"outofstock","13":"featured","14":"taxable","15":"shipping-taxable","16":"purchasable","17":"product-type-simple"},"_links":{"self":[{"href":"https:\/\/edimeinter.com\/libreria\/wp-json\/wp\/v2\/product\/9730","targetHints":{"allow":["GET"]}}],"collection":[{"href":"https:\/\/edimeinter.com\/libreria\/wp-json\/wp\/v2\/product"}],"about":[{"href":"https:\/\/edimeinter.com\/libreria\/wp-json\/wp\/v2\/types\/product"}],"replies":[{"embeddable":true,"href":"https:\/\/edimeinter.com\/libreria\/wp-json\/wp\/v2\/comments?post=9730"}],"version-history":[{"count":1,"href":"https:\/\/edimeinter.com\/libreria\/wp-json\/wp\/v2\/product\/9730\/revisions"}],"predecessor-version":[{"id":14897,"href":"https:\/\/edimeinter.com\/libreria\/wp-json\/wp\/v2\/product\/9730\/revisions\/14897"}],"wp:featuredmedia":[{"embeddable":true,"href":"https:\/\/edimeinter.com\/libreria\/wp-json\/wp\/v2\/media\/9731"}],"wp:attachment":[{"href":"https:\/\/edimeinter.com\/libreria\/wp-json\/wp\/v2\/media?parent=9730"}],"wp:term":[{"taxonomy":"product_cat","embeddable":true,"href":"https:\/\/edimeinter.com\/libreria\/wp-json\/wp\/v2\/product_cat?post=9730"},{"taxonomy":"product_tag","embeddable":true,"href":"https:\/\/edimeinter.com\/libreria\/wp-json\/wp\/v2\/product_tag?post=9730"}],"curies":[{"name":"wp","href":"https:\/\/api.w.org\/{rel}","templated":true}]}}

Dermatología. Atlas, Diagnóstico y Tratamiento. 8ª Edición

<div data-elementor-type="wp-post" data-elementor-id="9730" class="elementor elementor-9730">
				<div class="elementor-element elementor-element-5908ecf6 e-flex e-con-boxed e-con e-parent" data-id="5908ecf6" data-element_type="container" data-e-type="container">
					<div class="e-con-inner">
		
		<div class="elementor-element elementor-element-40cd427e elementor-widget elementor-widget-text-editor" data-id="40cd427e" data-element_type="widget" data-e-type="widget" data-widget_type="text-editor.default">
				<div class="elementor-widget-container">
									<p>Al igual que sus antecesores, la octava edición de este título conserva los aspectos de la especialidad fundamentales para el estudiante de medicina y el médico general; pero ha sido actualizada para facilitar la consulta diaria del dermatólogo y del médico internista. El texto ilustra las dermatosis más frecuentes e importantes en México y otros países tropicales de la región, donde los padecimientos de la piel son uno de los principales motivos de atención primaria. Asi mismo, aborda temas de medicina interna, tumores malignos y benignos, enfermedades sistémicas, dermatosis tropicales y pediátricas. Ç</p><p>De igual manera se han incluido secciones especiales dedicadas a las onicopatías, genotricosis y enfermedades de la mucosa bucal, entre otras; también se han integrado datos relevantes sobre las dermatosis relacionadas con COVID-19 y la viruela símica.</p>								</div>
				</div>
					</div>
				</div>
				</div>

<p><strong>Autores:</strong> Arenas Guzmán. Roberto<br />
<strong>ISBN:</strong> 9786071519214<br />
<strong>Editorial:</strong> McGraw-Hill<br />
<strong>Edición:</strong> 8ª<br />
<strong>Especialidad</strong>: Dermatología<br />
<strong>Páginas</strong>: 982<br />
© 2023</p>
