{"id":9748,"date":"2025-02-01T18:17:58","date_gmt":"2025-02-01T18:17:58","guid":{"rendered":"https:\/\/edimeinter.com\/libreria\/?post_type=product&#038;p=9748"},"modified":"2025-02-27T17:44:48","modified_gmt":"2025-02-27T17:44:48","slug":"induccion-miofascial-vol-1-parte-superior-del-cuerpo-1a-edicion","status":"publish","type":"product","link":"https:\/\/edimeinter.com\/libreria\/product\/induccion-miofascial-vol-1-parte-superior-del-cuerpo-1a-edicion\/","title":{"rendered":"Inducci\u00f3n Miofascial. Vol. 1 \u2013 Parte superior del cuerpo. 1\u00aa Edici\u00f3n"},"content":{"rendered":"\t\t<div data-elementor-type=\"wp-post\" data-elementor-id=\"9748\" class=\"elementor elementor-9748\">\n\t\t\t\t<div class=\"elementor-element elementor-element-5908ecf6 e-flex e-con-boxed e-con e-parent\" data-id=\"5908ecf6\" data-element_type=\"container\" data-e-type=\"container\">\n\t\t\t\t\t<div class=\"e-con-inner\">\n\t\t\n\t\t<div class=\"elementor-element elementor-element-40cd427e elementor-widget elementor-widget-text-editor\" data-id=\"40cd427e\" data-element_type=\"widget\" data-e-type=\"widget\" data-widget_type=\"text-editor.default\">\n\t\t\t\t<div class=\"elementor-widget-container\">\n\t\t\t\t\t\t\t\t\t<p>nducci\u00f3n Miofascial | Un abordaje anat\u00f3mico al tratamiento de la disfunci\u00f3n fascial es el resultado de muchos a\u00f1os de investigaci\u00f3n y del aporte de una gran cantidad de evidencia cient\u00edfica sobre la importancia de la fascia para la salud y las enfermedades de las personas. Los procedimientos est\u00e1n ilustrados a todo color, con diagramas, fotograf\u00edas y videos en l\u00ednea que muestran su aplicaci\u00f3n pr\u00e1ctica en el cuerpo y en las muestras tratadas de tejidos disecados.<\/p><p>Se presenta en dos vol\u00famenes en los que el lector podr\u00e1 realizar un fascinante viaje a trav\u00e9s del enigma de la fascia desde una persp<span class=\"shorten-detail\">ectiva microbiol\u00f3gica, anat\u00f3mica, biomec\u00e1nica, neurocient\u00edfica e, incluso, psicol\u00f3gica y filos\u00f3fica.<\/span><\/p>\t\t\t\t\t\t\t\t<\/div>\n\t\t\t\t<\/div>\n\t\t\t\t\t<\/div>\n\t\t\t\t<\/div>\n\t\t\t\t<\/div>\n\t\t","protected":false},"excerpt":{"rendered":"<p><strong>Autores:<\/strong>\u00a0Andrzej Pilat<br \/>\n<strong>ISBN:<\/strong>\u00a09789878452487<br \/>\n<strong>Editorial:<\/strong>\u00a0Ediciones Journal<br \/>\n<strong>Edici\u00f3n:<\/strong>\u00a01\u00aa<br \/>\n<strong>Especialidad<\/strong>: Fisioterapia<br \/>\n<strong>P\u00e1ginas<\/strong>: 487<br \/>\n\u00a9 2023<\/p>\n","protected":false},"featured_media":9749,"comment_status":"open","ping_status":"open","template":"","meta":{"_joinchat":[]},"product_cat":[111],"product_tag":[110,112],"class_list":{"0":"post-9748","1":"product","2":"type-product","3":"status-publish","4":"has-post-thumbnail","6":"product_cat-fisioterapia","7":"product_tag-ediciones-journal","8":"product_tag-fisioterapia","10":"first","11":"instock","12":"featured","13":"taxable","14":"shipping-taxable","15":"purchasable","16":"product-type-simple"},"_links":{"self":[{"href":"https:\/\/edimeinter.com\/libreria\/wp-json\/wp\/v2\/product\/9748","targetHints":{"allow":["GET"]}}],"collection":[{"href":"https:\/\/edimeinter.com\/libreria\/wp-json\/wp\/v2\/product"}],"about":[{"href":"https:\/\/edimeinter.com\/libreria\/wp-json\/wp\/v2\/types\/product"}],"replies":[{"embeddable":true,"href":"https:\/\/edimeinter.com\/libreria\/wp-json\/wp\/v2\/comments?post=9748"}],"version-history":[{"count":1,"href":"https:\/\/edimeinter.com\/libreria\/wp-json\/wp\/v2\/product\/9748\/revisions"}],"predecessor-version":[{"id":14900,"href":"https:\/\/edimeinter.com\/libreria\/wp-json\/wp\/v2\/product\/9748\/revisions\/14900"}],"wp:featuredmedia":[{"embeddable":true,"href":"https:\/\/edimeinter.com\/libreria\/wp-json\/wp\/v2\/media\/9749"}],"wp:attachment":[{"href":"https:\/\/edimeinter.com\/libreria\/wp-json\/wp\/v2\/media?parent=9748"}],"wp:term":[{"taxonomy":"product_cat","embeddable":true,"href":"https:\/\/edimeinter.com\/libreria\/wp-json\/wp\/v2\/product_cat?post=9748"},{"taxonomy":"product_tag","embeddable":true,"href":"https:\/\/edimeinter.com\/libreria\/wp-json\/wp\/v2\/product_tag?post=9748"}],"curies":[{"name":"wp","href":"https:\/\/api.w.org\/{rel}","templated":true}]}}