{"id":9800,"date":"2025-02-02T20:21:48","date_gmt":"2025-02-02T20:21:48","guid":{"rendered":"https:\/\/edimeinter.com\/libreria\/?post_type=product&#038;p=9800"},"modified":"2025-03-09T20:40:44","modified_gmt":"2025-03-09T20:40:44","slug":"imagen-cardiaca-aplicacion-a-la-practica-clinica-incluye-ebook-1a-edicion","status":"publish","type":"product","link":"https:\/\/edimeinter.com\/libreria\/product\/imagen-cardiaca-aplicacion-a-la-practica-clinica-incluye-ebook-1a-edicion\/","title":{"rendered":"Imagen Card\u00edaca. Aplicaci\u00f3n a la pr\u00e1ctica cl\u00ednica. Incluye eBook. 1\u00aa Edici\u00f3n"},"content":{"rendered":"\t\t<div data-elementor-type=\"wp-post\" data-elementor-id=\"9800\" class=\"elementor elementor-9800\">\n\t\t\t\t<div class=\"elementor-element elementor-element-2612b12 e-flex e-con-boxed e-con e-parent\" data-id=\"2612b12\" data-element_type=\"container\" data-e-type=\"container\">\n\t\t\t\t\t<div class=\"e-con-inner\">\n\t\t\n\t\t<div class=\"elementor-element elementor-element-498707ae elementor-widget elementor-widget-text-editor\" data-id=\"498707ae\" data-element_type=\"widget\" data-e-type=\"widget\" data-widget_type=\"text-editor.default\">\n\t\t\t\t<div class=\"elementor-widget-container\">\n\t\t\t\t\t\t\t\t\t<p class=\"font-light !leading-[22px] tracking-[1.12px] text-base mb-3 text-gray-500\">En los \u00faltimos a\u00f1os la innovaci\u00f3n en las t\u00e9cnicas de imagen ha supuesto un gran avance tanto en el diagn\u00f3stico como en el tratamiento de numerosas enfermedades. El crecimiento de las unidades de imagen card\u00edaca se ha visto favorecido por el desarrollo de los equipos de ecocardiograf\u00eda, tomograf\u00eda computarizada y resonancia magn\u00e9tica, y ha permitido profundizar en el estudio de las estructuras card\u00edacas y vasculares, posibilitando la identificaci\u00f3n, el seguimiento y el apoyo al tratamiento de m\u00faltiples enfermedades cardiovasculares.<\/p>\t\t\t\t\t\t\t\t<\/div>\n\t\t\t\t<\/div>\n\t\t\t\t\t<\/div>\n\t\t\t\t<\/div>\n\t\t\t\t<\/div>\n\t\t","protected":false},"excerpt":{"rendered":"<p><strong>Autores:\u00a0<\/strong>Francisco Javier Molano Casimiro, David Villag\u00f3mez Villegas, Manuel Gonz\u00e1lez Correa<br \/>\n<strong>ISBN:<\/strong>\u00a09788411061148<br \/>\n<strong>Editorial:<\/strong>\u00a0Panamericana<br \/>\n<strong>Edici\u00f3n:<\/strong>\u00a01\u00aa<br \/>\n<strong>Especialidad<\/strong>: Cardiolog\u00eda y Cirug\u00eda Vascular<br \/>\n<strong>P\u00e1ginas<\/strong>: 364<br \/>\n\u00a9 2024<\/p>\n","protected":false},"featured_media":9801,"comment_status":"open","ping_status":"open","template":"","meta":{"_joinchat":[]},"product_cat":[118],"product_tag":[240,119,70],"class_list":{"0":"post-9800","1":"product","2":"type-product","3":"status-publish","4":"has-post-thumbnail","6":"product_cat-cardiologia","7":"product_tag-240","8":"product_tag-cardiologia","9":"product_tag-panamericana","11":"first","12":"instock","13":"featured","14":"taxable","15":"shipping-taxable","16":"purchasable","17":"product-type-simple"},"_links":{"self":[{"href":"https:\/\/edimeinter.com\/libreria\/wp-json\/wp\/v2\/product\/9800","targetHints":{"allow":["GET"]}}],"collection":[{"href":"https:\/\/edimeinter.com\/libreria\/wp-json\/wp\/v2\/product"}],"about":[{"href":"https:\/\/edimeinter.com\/libreria\/wp-json\/wp\/v2\/types\/product"}],"replies":[{"embeddable":true,"href":"https:\/\/edimeinter.com\/libreria\/wp-json\/wp\/v2\/comments?post=9800"}],"version-history":[{"count":1,"href":"https:\/\/edimeinter.com\/libreria\/wp-json\/wp\/v2\/product\/9800\/revisions"}],"predecessor-version":[{"id":14907,"href":"https:\/\/edimeinter.com\/libreria\/wp-json\/wp\/v2\/product\/9800\/revisions\/14907"}],"wp:featuredmedia":[{"embeddable":true,"href":"https:\/\/edimeinter.com\/libreria\/wp-json\/wp\/v2\/media\/9801"}],"wp:attachment":[{"href":"https:\/\/edimeinter.com\/libreria\/wp-json\/wp\/v2\/media?parent=9800"}],"wp:term":[{"taxonomy":"product_cat","embeddable":true,"href":"https:\/\/edimeinter.com\/libreria\/wp-json\/wp\/v2\/product_cat?post=9800"},{"taxonomy":"product_tag","embeddable":true,"href":"https:\/\/edimeinter.com\/libreria\/wp-json\/wp\/v2\/product_tag?post=9800"}],"curies":[{"name":"wp","href":"https:\/\/api.w.org\/{rel}","templated":true}]}}