{"id":9950,"date":"2025-02-04T14:51:06","date_gmt":"2025-02-04T14:51:06","guid":{"rendered":"https:\/\/edimeinter.com\/libreria\/?post_type=product&#038;p=9950"},"modified":"2025-03-09T20:38:52","modified_gmt":"2025-03-09T20:38:52","slug":"medical-and-scientific-english-incluye-ebook-1a-edicion","status":"publish","type":"product","link":"https:\/\/edimeinter.com\/libreria\/product\/medical-and-scientific-english-incluye-ebook-1a-edicion\/","title":{"rendered":"Medical and Scientific English. Incluye eBook. 1\u00aa Edici\u00f3n"},"content":{"rendered":"\t\t<div data-elementor-type=\"wp-post\" data-elementor-id=\"9950\" class=\"elementor elementor-9950\">\n\t\t\t\t<div class=\"elementor-element elementor-element-6df9a7c9 e-flex e-con-boxed e-con e-parent\" data-id=\"6df9a7c9\" data-element_type=\"container\" data-e-type=\"container\">\n\t\t\t\t\t<div class=\"e-con-inner\">\n\t\t\n\t\t<div class=\"elementor-element elementor-element-6a22be31 elementor-widget elementor-widget-text-editor\" data-id=\"6a22be31\" data-element_type=\"widget\" data-e-type=\"widget\" data-widget_type=\"text-editor.default\">\n\t\t\t\t<div class=\"elementor-widget-container\">\n\t\t\t\t\t\t\t\t\t<p>En la era de la globalizaci\u00f3n, el ingl\u00e9s se ha establecido como un idioma indispensable y predominante en la comunicaci\u00f3n cient\u00edfica y m\u00e9dica a nivel internacional. Gran parte de las investigaciones, estudios y actualizaci\u00f3n de protocolos se publican en ingl\u00e9s, por lo que dominar la lengua permitir\u00e1 a los profesionales mantenerse actualizados con los \u00faltimos avances y pr\u00e1cticas en su campo.<\/p>\t\t\t\t\t\t\t\t<\/div>\n\t\t\t\t<\/div>\n\t\t\t\t\t<\/div>\n\t\t\t\t<\/div>\n\t\t\t\t<\/div>\n\t\t","protected":false},"excerpt":{"rendered":"<p><strong>Autores:\u00a0<\/strong>Jacopo D\u2019Andria Ursoleo,Kate Gralton<br \/>\n<strong>ISBN:<\/strong>\u00a09788411062787<br \/>\n<strong>Editorial:<\/strong>\u00a0Panamericana<br \/>\n<strong>Edici\u00f3n:<\/strong>\u00a01\u00aa<br \/>\n<strong>Especialidad<\/strong>: Pedagog\u00eda<br \/>\n<strong>P\u00e1ginas<\/strong>:\u00a0269<br \/>\n\u00a9 2024<\/p>\n","protected":false},"featured_media":9951,"comment_status":"open","ping_status":"open","template":"","meta":{"_joinchat":[]},"product_cat":[128],"product_tag":[240,70,129],"class_list":{"0":"post-9950","1":"product","2":"type-product","3":"status-publish","4":"has-post-thumbnail","6":"product_cat-pedagogia","7":"product_tag-240","8":"product_tag-panamericana","9":"product_tag-pedagogia","11":"first","12":"instock","13":"featured","14":"taxable","15":"shipping-taxable","16":"purchasable","17":"product-type-simple"},"_links":{"self":[{"href":"https:\/\/edimeinter.com\/libreria\/wp-json\/wp\/v2\/product\/9950","targetHints":{"allow":["GET"]}}],"collection":[{"href":"https:\/\/edimeinter.com\/libreria\/wp-json\/wp\/v2\/product"}],"about":[{"href":"https:\/\/edimeinter.com\/libreria\/wp-json\/wp\/v2\/types\/product"}],"replies":[{"embeddable":true,"href":"https:\/\/edimeinter.com\/libreria\/wp-json\/wp\/v2\/comments?post=9950"}],"version-history":[{"count":1,"href":"https:\/\/edimeinter.com\/libreria\/wp-json\/wp\/v2\/product\/9950\/revisions"}],"predecessor-version":[{"id":14914,"href":"https:\/\/edimeinter.com\/libreria\/wp-json\/wp\/v2\/product\/9950\/revisions\/14914"}],"wp:featuredmedia":[{"embeddable":true,"href":"https:\/\/edimeinter.com\/libreria\/wp-json\/wp\/v2\/media\/9951"}],"wp:attachment":[{"href":"https:\/\/edimeinter.com\/libreria\/wp-json\/wp\/v2\/media?parent=9950"}],"wp:term":[{"taxonomy":"product_cat","embeddable":true,"href":"https:\/\/edimeinter.com\/libreria\/wp-json\/wp\/v2\/product_cat?post=9950"},{"taxonomy":"product_tag","embeddable":true,"href":"https:\/\/edimeinter.com\/libreria\/wp-json\/wp\/v2\/product_tag?post=9950"}],"curies":[{"name":"wp","href":"https:\/\/api.w.org\/{rel}","templated":true}]}}